{"id":2071,"date":"2023-03-18T16:08:05","date_gmt":"2023-03-18T20:08:05","guid":{"rendered":"https:\/\/www.le-brasseur.net\/?post_type=product&#038;p=2071"},"modified":"2023-03-19T08:18:43","modified_gmt":"2023-03-19T12:18:43","slug":"chit-malt-best-malz","status":"publish","type":"product","link":"https:\/\/www.le-brasseur.net\/index.php\/produit\/chit-malt-best-malz\/","title":{"rendered":"CHIT MALT &#8211; BEST MALZ"},"content":{"rendered":"<p>BEST Chit Malt est un malt fonctionnel sp\u00e9cifique utilis\u00e9 temporairement ou en continu dans le processus de brassage. Compar\u00e9 \u00e0 un malt pilsner, il contient une quantit\u00e9 importante de prot\u00e9ines \u00e0 haut poids mol\u00e9culaire. Il est donc id\u00e9al pour compenser les malts tr\u00e8s fortement dissous et am\u00e9liorer la mousse. BEST Chit Malt poss\u00e8de un grand nombre d&rsquo;enzymes de d\u00e9marrage intrins\u00e8ques qui am\u00e9liorent la conversion des substances dans l&rsquo;amidon, augmentant ainsi le rendement. L&rsquo;utilisation de BEST Chit Malt n&rsquo;affecte pas la couleur de la bi\u00e8re.<\/p>\n","protected":false},"excerpt":{"rendered":"<p>BEST Chit Malt &#8211; Malt sp\u00e9cial pour am\u00e9liorer la mousse et augmenter le rendement de vos bi\u00e8res.<\/p>\n","protected":false},"featured_media":2073,"comment_status":"open","ping_status":"closed","template":"","meta":{"_seopress_robots_primary_cat":"none","_seopress_titles_title":"BEST Chit Malt - Malt sp\u00e9cial pour am\u00e9liorer la mousse et le rendement de vos bi\u00e8res","_seopress_titles_desc":"D\u00e9couvrez BEST Chit Malt, un malt sp\u00e9cial utilis\u00e9 pour compenser les malts fortement dissous et am\u00e9liorer la mousse de vos bi\u00e8res. Augmentez le rendement sans affecter la couleur gr\u00e2ce \u00e0 ses enzymes de d\u00e9marrage intrins\u00e8ques.","_seopress_robots_index":"","_seopress_analysis_target_kw":"BEST Chit Malt,malt sp\u00e9cial,am\u00e9liorer mousse,augmenter rendement,prot\u00e9ines,enzymes de d\u00e9marrage,processus de brassage,conversion des substances,bi\u00e8res"},"product_brand":[],"product_cat":[19,17],"product_tag":[58,59,53,57,54,55,56],"class_list":{"0":"post-2071","1":"product","2":"type-product","3":"status-publish","4":"has-post-thumbnail","6":"product_cat-best-malz-allemagne","7":"product_cat-malts","8":"product_tag-amelioration-biere","9":"product_tag-brassage","10":"product_tag-chit-malt","11":"product_tag-enzymes","12":"product_tag-malt-fonctionnel","13":"product_tag-mousse-de-biere","14":"product_tag-rendement-brassage","16":"entry","17":"has-media","19":"first","20":"instock","21":"taxable","22":"shipping-taxable","23":"product-type-variable","24":"has-product-nav","25":"col","26":"span_1_of_3","27":"owp-content-center","28":"owp-thumbs-layout-horizontal","29":"owp-btn-normal","30":"owp-tabs-layout-horizontal","31":"has-no-thumbnails"},"jetpack_sharing_enabled":true,"_links":{"self":[{"href":"https:\/\/www.le-brasseur.net\/index.php\/wp-json\/wp\/v2\/product\/2071","targetHints":{"allow":["GET"]}}],"collection":[{"href":"https:\/\/www.le-brasseur.net\/index.php\/wp-json\/wp\/v2\/product"}],"about":[{"href":"https:\/\/www.le-brasseur.net\/index.php\/wp-json\/wp\/v2\/types\/product"}],"replies":[{"embeddable":true,"href":"https:\/\/www.le-brasseur.net\/index.php\/wp-json\/wp\/v2\/comments?post=2071"}],"version-history":[{"count":0,"href":"https:\/\/www.le-brasseur.net\/index.php\/wp-json\/wp\/v2\/product\/2071\/revisions"}],"wp:featuredmedia":[{"embeddable":true,"href":"https:\/\/www.le-brasseur.net\/index.php\/wp-json\/wp\/v2\/media\/2073"}],"wp:attachment":[{"href":"https:\/\/www.le-brasseur.net\/index.php\/wp-json\/wp\/v2\/media?parent=2071"}],"wp:term":[{"taxonomy":"product_brand","embeddable":true,"href":"https:\/\/www.le-brasseur.net\/index.php\/wp-json\/wp\/v2\/product_brand?post=2071"},{"taxonomy":"product_cat","embeddable":true,"href":"https:\/\/www.le-brasseur.net\/index.php\/wp-json\/wp\/v2\/product_cat?post=2071"},{"taxonomy":"product_tag","embeddable":true,"href":"https:\/\/www.le-brasseur.net\/index.php\/wp-json\/wp\/v2\/product_tag?post=2071"}],"curies":[{"name":"wp","href":"https:\/\/api.w.org\/{rel}","templated":true}]}}