{"id":2078,"date":"2023-03-18T16:18:02","date_gmt":"2023-03-18T20:18:02","guid":{"rendered":"https:\/\/www.le-brasseur.net\/?post_type=product&#038;p=2078"},"modified":"2023-03-19T08:18:43","modified_gmt":"2023-03-19T12:18:43","slug":"aromatic-munich-20-l-briess","status":"publish","type":"product","link":"https:\/\/www.le-brasseur.net\/index.php\/produit\/aromatic-munich-20-l-briess\/","title":{"rendered":"(AROMATIC) MUNICH 20 L &#8211; BRIESS"},"content":{"rendered":"<p>L&rsquo;Aromatic Munich 20L de Briess est un malt Munich fonc\u00e9 de style europ\u00e9en offrant une saveur malt\u00e9e intense et propre. Il est id\u00e9al pour les bi\u00e8res n\u00e9cessitant une saveur ou un ar\u00f4me malt\u00e9 plus prononc\u00e9. Ce malt polyvalent peut \u00eatre utilis\u00e9 dans une vari\u00e9t\u00e9 de styles de bi\u00e8re pour apporter une profondeur malt\u00e9e suppl\u00e9mentaire et un caract\u00e8re unique \u00e0 vos cr\u00e9ations.<\/p>\n<p><a href=\"https:\/\/www.brewingwithbriess.com\/products\/munich-malts\/\">Pour Plus d&rsquo;information<\/a><\/p>\n","protected":false},"excerpt":{"rendered":"<p>Aromatic Munich 20L Briess &#8211; Malt Munich fonc\u00e9 pour des saveurs malt\u00e9es intenses.<\/p>\n","protected":false},"featured_media":2080,"comment_status":"open","ping_status":"closed","template":"","meta":{"_seopress_robots_primary_cat":"","_seopress_titles_title":"Aromatic Munich 20L Briess - Malt fonc\u00e9 europ\u00e9en pour saveurs malt\u00e9es intenses","_seopress_titles_desc":"D\u00e9couvrez l&#039;Aromatic Munich 20L de Briess, un malt Munich fonc\u00e9 de style europ\u00e9en offrant une saveur malt\u00e9e intense et propre. Id\u00e9al pour des bi\u00e8res avec une saveur ou un ar\u00f4me malt\u00e9 plus prononc\u00e9.","_seopress_robots_index":"","_seopress_analysis_target_kw":"Aromatic Munich 20L,Briess,malt Munich fonc\u00e9,saveur malt\u00e9e,ar\u00f4me malt\u00e9,bi\u00e8res,style europ\u00e9en,malt polyvalent,styles de bi\u00e8re"},"product_brand":[],"product_cat":[20,17],"product_tag":[73,74,76,70,71,69,75,72],"class_list":{"0":"post-2078","1":"product","2":"type-product","3":"status-publish","4":"has-post-thumbnail","6":"product_cat-briess-etats-unis","7":"product_cat-malts","8":"product_tag-arome-malte","9":"product_tag-bieres-europeennes","10":"product_tag-caractere-unique","11":"product_tag-malt-briess","12":"product_tag-malt-fonce","13":"product_tag-munich-20l","14":"product_tag-profondeur-maltee","15":"product_tag-saveur-intense","17":"entry","18":"has-media","20":"first","21":"outofstock","22":"taxable","23":"shipping-taxable","24":"product-type-variable","25":"has-product-nav","26":"col","27":"span_1_of_3","28":"owp-content-center","29":"owp-thumbs-layout-horizontal","30":"owp-btn-normal","31":"owp-tabs-layout-horizontal","32":"has-no-thumbnails"},"jetpack_sharing_enabled":true,"_links":{"self":[{"href":"https:\/\/www.le-brasseur.net\/index.php\/wp-json\/wp\/v2\/product\/2078","targetHints":{"allow":["GET"]}}],"collection":[{"href":"https:\/\/www.le-brasseur.net\/index.php\/wp-json\/wp\/v2\/product"}],"about":[{"href":"https:\/\/www.le-brasseur.net\/index.php\/wp-json\/wp\/v2\/types\/product"}],"replies":[{"embeddable":true,"href":"https:\/\/www.le-brasseur.net\/index.php\/wp-json\/wp\/v2\/comments?post=2078"}],"version-history":[{"count":0,"href":"https:\/\/www.le-brasseur.net\/index.php\/wp-json\/wp\/v2\/product\/2078\/revisions"}],"wp:featuredmedia":[{"embeddable":true,"href":"https:\/\/www.le-brasseur.net\/index.php\/wp-json\/wp\/v2\/media\/2080"}],"wp:attachment":[{"href":"https:\/\/www.le-brasseur.net\/index.php\/wp-json\/wp\/v2\/media?parent=2078"}],"wp:term":[{"taxonomy":"product_brand","embeddable":true,"href":"https:\/\/www.le-brasseur.net\/index.php\/wp-json\/wp\/v2\/product_brand?post=2078"},{"taxonomy":"product_cat","embeddable":true,"href":"https:\/\/www.le-brasseur.net\/index.php\/wp-json\/wp\/v2\/product_cat?post=2078"},{"taxonomy":"product_tag","embeddable":true,"href":"https:\/\/www.le-brasseur.net\/index.php\/wp-json\/wp\/v2\/product_tag?post=2078"}],"curies":[{"name":"wp","href":"https:\/\/api.w.org\/{rel}","templated":true}]}}