{"id":2081,"date":"2023-03-18T16:21:30","date_gmt":"2023-03-18T20:21:30","guid":{"rendered":"https:\/\/www.le-brasseur.net\/?post_type=product&#038;p=2081"},"modified":"2023-03-19T08:18:43","modified_gmt":"2023-03-19T12:18:43","slug":"black-malt-briess","status":"publish","type":"product","link":"https:\/\/www.le-brasseur.net\/index.php\/produit\/black-malt-briess\/","title":{"rendered":"BLACK MALT &#8211; BRIESS"},"content":{"rendered":"<p>Le Black Malt de Briess apporte de la couleur et une saveur riche et tranchante, caract\u00e9ristique des Stouts et de certains Porters. Il peut \u00eatre utilis\u00e9 en combinaison avec du malt noir pour brasser une Stout avec plus de couleur et des notes de saveur d&rsquo;orge grill\u00e9e moins intenses. Utilisez du malt chocolat ou du malt noir en association avec de l&rsquo;orge noire pour obtenir la couleur souhait\u00e9e dans vos cr\u00e9ations brassicoles.<\/p>\n<p><a href=\"https:\/\/www.brewingwithbriess.com\/products\/roasted-barley\/\">Pour plus d&rsquo;information\u00a0<\/a><\/p>\n","protected":false},"excerpt":{"rendered":"<p>Black Malt Briess &#8211; Malt noir pour une saveur riche et tranchante dans les Stouts et Porters.<\/p>\n","protected":false},"featured_media":2083,"comment_status":"open","ping_status":"closed","template":"","meta":{"_seopress_robots_primary_cat":"","_seopress_titles_title":"Malt noir pour saveurs riches et tranchantes dans Stouts et Porters","_seopress_titles_desc":"D\u00e9couvrez le Black Malt de Briess, un malt noir qui apporte couleur et saveur riche et tranchante aux Stouts et Porters. Utilisez-le en combinaison avec d&#039;autres malts pour obtenir la couleur et les saveurs souhait\u00e9es.","_seopress_robots_index":"","_seopress_analysis_target_kw":"Black Malt,Briess,malt noir,saveur riche,Stouts,Porters,orge grill\u00e9e,malt chocolat,orge noire,couleur,saveurs"},"product_brand":[],"product_cat":[20,17],"product_tag":[85,77,84,70,83,82,81,80,78,79],"class_list":{"0":"post-2081","1":"product","2":"type-product","3":"status-publish","4":"has-post-thumbnail","6":"product_cat-briess-etats-unis","7":"product_cat-malts","8":"product_tag-bieres","9":"product_tag-black-malt","10":"product_tag-couleur","11":"product_tag-malt-briess","12":"product_tag-malt-chocolat","13":"product_tag-malt-noir","14":"product_tag-orge-grillee","15":"product_tag-porters","16":"product_tag-saveur-tranchante","17":"product_tag-stouts","19":"entry","20":"has-media","22":"first","23":"instock","24":"taxable","25":"shipping-taxable","26":"product-type-variable","27":"has-product-nav","28":"col","29":"span_1_of_3","30":"owp-content-center","31":"owp-thumbs-layout-horizontal","32":"owp-btn-normal","33":"owp-tabs-layout-horizontal","34":"has-no-thumbnails"},"jetpack_sharing_enabled":true,"_links":{"self":[{"href":"https:\/\/www.le-brasseur.net\/index.php\/wp-json\/wp\/v2\/product\/2081","targetHints":{"allow":["GET"]}}],"collection":[{"href":"https:\/\/www.le-brasseur.net\/index.php\/wp-json\/wp\/v2\/product"}],"about":[{"href":"https:\/\/www.le-brasseur.net\/index.php\/wp-json\/wp\/v2\/types\/product"}],"replies":[{"embeddable":true,"href":"https:\/\/www.le-brasseur.net\/index.php\/wp-json\/wp\/v2\/comments?post=2081"}],"version-history":[{"count":0,"href":"https:\/\/www.le-brasseur.net\/index.php\/wp-json\/wp\/v2\/product\/2081\/revisions"}],"wp:featuredmedia":[{"embeddable":true,"href":"https:\/\/www.le-brasseur.net\/index.php\/wp-json\/wp\/v2\/media\/2083"}],"wp:attachment":[{"href":"https:\/\/www.le-brasseur.net\/index.php\/wp-json\/wp\/v2\/media?parent=2081"}],"wp:term":[{"taxonomy":"product_brand","embeddable":true,"href":"https:\/\/www.le-brasseur.net\/index.php\/wp-json\/wp\/v2\/product_brand?post=2081"},{"taxonomy":"product_cat","embeddable":true,"href":"https:\/\/www.le-brasseur.net\/index.php\/wp-json\/wp\/v2\/product_cat?post=2081"},{"taxonomy":"product_tag","embeddable":true,"href":"https:\/\/www.le-brasseur.net\/index.php\/wp-json\/wp\/v2\/product_tag?post=2081"}],"curies":[{"name":"wp","href":"https:\/\/api.w.org\/{rel}","templated":true}]}}